{"id":57,"date":"2019-04-26T04:39:33","date_gmt":"2019-04-26T04:39:33","guid":{"rendered":"http:\/\/radiofronteras.fmmiradio.com\/?page_id=2"},"modified":"2024-02-12T23:34:55","modified_gmt":"2024-02-12T23:34:55","slug":"sample-page","status":"publish","type":"page","link":"http:\/\/larinconada.fmmiradio.com\/","title":{"rendered":"ULTIMAS NOTICIAS"},"content":{"rendered":"\n<div class=\"wp-block-columns has-2-columns is-layout-flex wp-container-3 wp-block-columns-is-layout-flex\">\n<div class=\"wp-block-column is-layout-flow wp-block-column-is-layout-flow\">\n<h2 class=\"wp-block-heading\">NOVEDADES<\/h2>\n\n\n\n<iframe loading=\"lazy\" src=\"https:\/\/www.facebook.com\/plugins\/page.php?href=https%3A%2F%2Fwww.facebook.com%2Fprofile.php%3Fid%3D61556353952466%26mibextid%3D2JQ9oc&#038;tabs=timeline&#038;width=340&#038;height=1080&#038;small_header=true&#038;adapt_container_width=false&#038;hide_cover=true&#038;show_facepile=false&#038;appId\" width=\"340\" height=\"1080\" style=\"border:none;overflow:hidden\" scrolling=\"no\" frameborder=\"0\" allowfullscreen=\"true\" allow=\"autoplay; clipboard-write; encrypted-media; picture-in-picture; web-share\"><\/iframe>\n\n\n\n<p><\/p>\n<\/div>\n\n\n\n<div class=\"wp-block-column is-layout-flow wp-block-column-is-layout-flow\">\n<h2 class=\"wp-block-heading\">POL\u00cdTICA<\/h2>\n\n\n<div class=\"feedzy-cf726f215d36258fdd1469261a261343 feedzy-rss\"><ul><li  style=\"padding: 15px 0 25px\" class=\"rss_item\"><div class=\"rss_image\" style=\"height:150px;width:150px;\"><a href=\"https:\/\/www.clarin.com\/politica\/nueva-encuesta-alerta-rosada-javier-milei-pierde-apoyo-propios_0_DNV6RW4nPd.html\" target=\"_blank\" rel=\" noopener\" title=\"Nueva encuesta y alerta en la Rosada: Javier Milei pierde apoyo entre los propios\" style=\"height:150px;width:150px;\"><img decoding=\"async\" src=\"https:\/\/www.clarin.com\/img\/2025\/03\/10\/giyRx6cAf_1200x630__1.jpg\" title=\"Nueva encuesta y alerta en la Rosada: Javier Milei pierde apoyo entre los propios\" style=\"height:150px;width:150px;\"><\/a><\/div><span class=\"title\"><a href=\"https:\/\/www.clarin.com\/politica\/nueva-encuesta-alerta-rosada-javier-milei-pierde-apoyo-propios_0_DNV6RW4nPd.html\" target=\"_blank\" rel=\" noopener\">Nueva encuesta y alerta en la Rosada: Javier Milei pierde apoyo entre los propios<\/a><\/span><div class=\"rss_content\" style=\"\"><p>La ca\u00edda en los sondeos, que arranc\u00f3 en enero, impacta tambi\u00e9n entre los libertarios. Datos de aprobaci\u00f3n de gesti\u00f3n, expectativas econ\u00f3micas, imagen e intenci\u00f3n de voto.<\/p><\/div><\/li><li  style=\"padding: 15px 0 25px\" class=\"rss_item\"><div class=\"rss_image\" style=\"height:150px;width:150px;\"><a href=\"https:\/\/www.clarin.com\/politica\/servicio-meteorologico-nacional-hara-apagon-informativo-protesta-despidos-durara_0_JiXAxZzMEf.html\" target=\"_blank\" rel=\" noopener\" title=\"El Servicio Meteorol\u00f3gico Nacional har\u00e1 un apag\u00f3n informativo en protesta por los despidos: cuando es y cu\u00e1nto durar\u00e1\" style=\"height:150px;width:150px;\"><img decoding=\"async\" src=\"https:\/\/www.clarin.com\/img\/2026\/04\/17\/qjBioaQMd_1200x630__1.jpg\" title=\"El Servicio Meteorol\u00f3gico Nacional har\u00e1 un apag\u00f3n informativo en protesta por los despidos: cuando es y cu\u00e1nto durar\u00e1\" style=\"height:150px;width:150px;\"><\/a><\/div><span class=\"title\"><a href=\"https:\/\/www.clarin.com\/politica\/servicio-meteorologico-nacional-hara-apagon-informativo-protesta-despidos-durara_0_JiXAxZzMEf.html\" target=\"_blank\" rel=\" noopener\">El Servicio Meteorol\u00f3gico Nacional har\u00e1 un apag\u00f3n informativo en protesta por los despidos: cuando es y cu\u00e1nto durar\u00e1<\/a><\/span><div class=\"rss_content\" style=\"\"><p>La decisi\u00f3n que se llevar\u00e1 a cabo el viernes 24 implicar\u00e1 la suspensi\u00f3n total de la difusi\u00f3n de pron\u00f3sticos y alertas oficiales durante varias horas.El cese de actividades se producir\u00e1 luego de que el Gobierno de Javier Milei enviara telegramas a 140 personas y avanzara con los despidos dentro del organismo.<\/p><\/div><\/li><li  style=\"padding: 15px 0 25px\" class=\"rss_item\"><div class=\"rss_image\" style=\"height:150px;width:150px;\"><a href=\"https:\/\/www.clarin.com\/politica\/gobierno-habilito-provincias-concesionar-tramos-rutas-nacionales-mediante-peajes_0_1jrtyx4qeW.html\" target=\"_blank\" rel=\" noopener\" title=\"El Gobierno habilit\u00f3 a nueve provincias a concesionar tramos de rutas nacionales mediante peajes\" style=\"height:150px;width:150px;\"><img decoding=\"async\" src=\"https:\/\/www.clarin.com\/img\/2025\/09\/03\/zkdMDCEVl_1200x630__1.jpg\" title=\"El Gobierno habilit\u00f3 a nueve provincias a concesionar tramos de rutas nacionales mediante peajes\" style=\"height:150px;width:150px;\"><\/a><\/div><span class=\"title\"><a href=\"https:\/\/www.clarin.com\/politica\/gobierno-habilito-provincias-concesionar-tramos-rutas-nacionales-mediante-peajes_0_1jrtyx4qeW.html\" target=\"_blank\" rel=\" noopener\">El Gobierno habilit\u00f3 a nueve provincias a concesionar tramos de rutas nacionales mediante peajes<\/a><\/span><div class=\"rss_content\" style=\"\"><p>Lo confirm\u00f3 a trav\u00e9s del Decreto 253\/2026, publicado en el Bolet\u00edn Oficial.Establece un esquema de delegaci\u00f3n temporal, aunque los caminos seguir\u00e1n bajo control nacional. La medida habilita a las jurisdicciones a administrar, reparar y mantener tramos viales federales mediante concesiones de obra p\u00fablica.<\/p><\/div><\/li><li  style=\"padding: 15px 0 25px\" class=\"rss_item\"><div class=\"rss_image\" style=\"height:150px;width:150px;\"><a href=\"https:\/\/www.clarin.com\/politica\/denuncian-hijos-lazaro-baez-evasion-agravada-declararon-cuentas-bahamas-us-26-millones_0_Jlp9ah7B0U.html\" target=\"_blank\" rel=\" noopener\" title=\"Denuncian a los dos hijos de L\u00e1zaro B\u00e1ez por evasi\u00f3n agravada: nunca declararon dos cuentas en las Bahamas con US$ 2,6 millones\" style=\"height:150px;width:150px;\"><img decoding=\"async\" src=\"https:\/\/www.clarin.com\/img\/2026\/04\/16\/fMJ_BpIV__1200x630__1.jpg\" title=\"Denuncian a los dos hijos de L\u00e1zaro B\u00e1ez por evasi\u00f3n agravada: nunca declararon dos cuentas en las Bahamas con US$ 2,6 millones\" style=\"height:150px;width:150px;\"><\/a><\/div><span class=\"title\"><a href=\"https:\/\/www.clarin.com\/politica\/denuncian-hijos-lazaro-baez-evasion-agravada-declararon-cuentas-bahamas-us-26-millones_0_Jlp9ah7B0U.html\" target=\"_blank\" rel=\" noopener\">Denuncian a los dos hijos de L\u00e1zaro B\u00e1ez por evasi\u00f3n agravada: nunca declararon dos cuentas en las Bahamas con US$ 2,6 millones<\/a><\/span><div class=\"rss_content\" style=\"\"><p>Son 500 millones de pesos por Impuesto a las Ganancias y Bienes Personales que Mart\u00edn y Leandro B\u00e1ez no pagaron.Los dos herederos varones del empresario emblema de la corrupci\u00f3n K omitieron informar al fisco sus dep\u00f3sitos en el exterior.El reclamo inicial de ARCA es s\u00f3lo por 2019, porque esa deuda pod\u00eda prescribir.<\/p><\/div><\/li><li  style=\"padding: 15px 0 25px\" class=\"rss_item\"><div class=\"rss_image\" style=\"height:150px;width:150px;\"><a href=\"https:\/\/www.clarin.com\/politica\/argumentos-abogados-gobierno-corte-levante-suspension-reforma-laboral-presentacion-completa_0_R8Q0XZB7CQ.html\" target=\"_blank\" rel=\" noopener\" title=\"Los argumentos de los abogados del Gobierno para que la Corte levante la suspensi\u00f3n de la reforma laboral: la presentaci\u00f3n completa\" style=\"height:150px;width:150px;\"><img decoding=\"async\" src=\"https:\/\/www.clarin.com\/img\/2026\/03\/27\/zVyOoIHbw_1200x630__1.jpg\" title=\"Los argumentos de los abogados del Gobierno para que la Corte levante la suspensi\u00f3n de la reforma laboral: la presentaci\u00f3n completa\" style=\"height:150px;width:150px;\"><\/a><\/div><span class=\"title\"><a href=\"https:\/\/www.clarin.com\/politica\/argumentos-abogados-gobierno-corte-levante-suspension-reforma-laboral-presentacion-completa_0_R8Q0XZB7CQ.html\" target=\"_blank\" rel=\" noopener\">Los argumentos de los abogados del Gobierno para que la Corte levante la suspensi\u00f3n de la reforma laboral: la presentaci\u00f3n completa<\/a><\/span><div class=\"rss_content\" style=\"\"><p>En la presentaci\u00f3n cuestionan la legitimidad de la CGT en la representaci\u00f3n de los trabajadores.Sostienen que el juez que suspendi\u00f3 la ley no es competente y que &#8220;la decisi\u00f3n recurrida compromete el sistema republicano&#8221;.<\/p><\/div><\/li><\/ul> <\/div><style type=\"text\/css\" media=\"all\">.feedzy-rss .rss_item .rss_image{float:left;position:relative;border:none;text-decoration:none;max-width:100%}.feedzy-rss .rss_item .rss_image span{display:inline-block;position:absolute;width:100%;height:100%;background-position:50%;background-size:cover}.feedzy-rss .rss_item .rss_image{margin:.3em 1em 0 0;content-visibility:auto}.feedzy-rss ul{list-style:none}.feedzy-rss ul li{display:inline-block}<\/style>\n\n\n<p><\/p>\n<\/div>\n<\/div>\n\n\n\n<div class=\"wp-block-columns has-2-columns is-layout-flex wp-container-6 wp-block-columns-is-layout-flex\">\n<div class=\"wp-block-column is-layout-flow wp-block-column-is-layout-flow\">\n<h2 class=\"wp-block-heading\">ECONOM\u00cdA<\/h2>\n\n\n<div class=\"feedzy-5d3d6da77fc757f4246526a28a081143 feedzy-rss\"><ul><li  style=\"padding: 15px 0 25px\" class=\"rss_item\"><div class=\"rss_image\" style=\"height:150px;width:150px;\"><a href=\"https:\/\/www.clarin.com\/economia\/dolar-hoy-dolar-blue-vivo-cotiza-oficial-precio-paralelo-viernes-17-abril-minuto-minuto_0_FcWU1m2Swm.html\" target=\"_blank\" rel=\" noopener\" title=\"D\u00f3lar hoy y d\u00f3lar blue, EN VIVO: a cu\u00e1nto cotiza el oficial y cu\u00e1l es el precio del paralelo este viernes 17 de abril, minuto a minuto\" style=\"height:150px;width:150px;\"><img decoding=\"async\" src=\"https:\/\/www.clarin.com\/img\/2024\/07\/14\/_svFGPaKt_1200x630__1.jpg\" title=\"D\u00f3lar hoy y d\u00f3lar blue, EN VIVO: a cu\u00e1nto cotiza el oficial y cu\u00e1l es el precio del paralelo este viernes 17 de abril, minuto a minuto\" style=\"height:150px;width:150px;\"><\/a><\/div><span class=\"title\"><a href=\"https:\/\/www.clarin.com\/economia\/dolar-hoy-dolar-blue-vivo-cotiza-oficial-precio-paralelo-viernes-17-abril-minuto-minuto_0_FcWU1m2Swm.html\" target=\"_blank\" rel=\" noopener\">D\u00f3lar hoy y d\u00f3lar blue, EN VIVO: a cu\u00e1nto cotiza el oficial y cu\u00e1l es el precio del paralelo este viernes 17 de abril, minuto a minuto<\/a><\/span><div class=\"rss_content\" style=\"\"><p>Segu\u00ed los cambios de las cotizaciones del d\u00f3lar este viernes 17 de abril, minuto a minuto.<\/p><\/div><\/li><li  style=\"padding: 15px 0 25px\" class=\"rss_item\"><div class=\"rss_image\" style=\"height:150px;width:150px;\"><a href=\"https:\/\/www.clarin.com\/economia\/dolar-ccl-hoy-cotiza-viernes-17-abril_0_6kHUZ3ncFg.html\" target=\"_blank\" rel=\" noopener\" title=\"D\u00f3lar CCL hoy: a cu\u00e1nto cotiza este viernes 17 de abril\" style=\"height:150px;width:150px;\"><img decoding=\"async\" src=\"https:\/\/www.clarin.com\/img\/2021\/10\/06\/n5EY_DMYJ_1200x630__1.jpg\" title=\"D\u00f3lar CCL hoy: a cu\u00e1nto cotiza este viernes 17 de abril\" style=\"height:150px;width:150px;\"><\/a><\/div><span class=\"title\"><a href=\"https:\/\/www.clarin.com\/economia\/dolar-ccl-hoy-cotiza-viernes-17-abril_0_6kHUZ3ncFg.html\" target=\"_blank\" rel=\" noopener\">D\u00f3lar CCL hoy: a cu\u00e1nto cotiza este viernes 17 de abril<\/a><\/span><div class=\"rss_content\" style=\"\"><p>Mir\u00e1 la cotizaci\u00f3n para la compra y venta del d\u00f3lar CCL hoy.Cotizaciones, evoluci\u00f3n, previsiones e informaci\u00f3n para el cambio de monedas.<\/p><\/div><\/li><li  style=\"padding: 15px 0 25px\" class=\"rss_item\"><div class=\"rss_image\" style=\"height:150px;width:150px;\"><a href=\"https:\/\/www.clarin.com\/economia\/dolar-tarjeta-hoy-cotiza-viernes-17-abril_0_esvkM7MsKe.html\" target=\"_blank\" rel=\" noopener\" title=\"D\u00f3lar tarjeta hoy: a cu\u00e1nto cotiza este viernes 17 de abril\" style=\"height:150px;width:150px;\"><img decoding=\"async\" src=\"https:\/\/www.clarin.com\/img\/2015\/12\/16\/BJZTEFiKNx_1200x630.jpg\" title=\"D\u00f3lar tarjeta hoy: a cu\u00e1nto cotiza este viernes 17 de abril\" style=\"height:150px;width:150px;\"><\/a><\/div><span class=\"title\"><a href=\"https:\/\/www.clarin.com\/economia\/dolar-tarjeta-hoy-cotiza-viernes-17-abril_0_esvkM7MsKe.html\" target=\"_blank\" rel=\" noopener\">D\u00f3lar tarjeta hoy: a cu\u00e1nto cotiza este viernes 17 de abril<\/a><\/span><div class=\"rss_content\" style=\"\"><p>Mir\u00e1 la cotizaci\u00f3n para la compra y venta del d\u00f3lar tarjeta hoy.Cotizaciones, evoluci\u00f3n, previsiones e informaci\u00f3n para el cambio de monedas.<\/p><\/div><\/li><li  style=\"padding: 15px 0 25px\" class=\"rss_item\"><div class=\"rss_image\" style=\"height:150px;width:150px;\"><a href=\"https:\/\/www.clarin.com\/economia\/dolar-cripto-hoy-cotiza-viernes-17-abril_0_iuNOJ0XCQ7.html\" target=\"_blank\" rel=\" noopener\" title=\"D\u00f3lar cripto hoy: a cu\u00e1nto cotiza este viernes 17 de abril\" style=\"height:150px;width:150px;\"><img decoding=\"async\" src=\"https:\/\/www.clarin.com\/img\/2012\/07\/16\/HyHLc5htVx_1200x630.jpg\" title=\"D\u00f3lar cripto hoy: a cu\u00e1nto cotiza este viernes 17 de abril\" style=\"height:150px;width:150px;\"><\/a><\/div><span class=\"title\"><a href=\"https:\/\/www.clarin.com\/economia\/dolar-cripto-hoy-cotiza-viernes-17-abril_0_iuNOJ0XCQ7.html\" target=\"_blank\" rel=\" noopener\">D\u00f3lar cripto hoy: a cu\u00e1nto cotiza este viernes 17 de abril<\/a><\/span><div class=\"rss_content\" style=\"\"><p>Mir\u00e1 la cotizaci\u00f3n para la compra y venta del d\u00f3lar cripto hoy.Cotizaciones, evoluci\u00f3n, previsiones e informaci\u00f3n para el cambio de monedas.<\/p><\/div><\/li><li  style=\"padding: 15px 0 25px\" class=\"rss_item\"><div class=\"rss_image\" style=\"height:150px;width:150px;\"><a href=\"https:\/\/www.clarin.com\/economia\/dolar-mep-hoy-cotiza-viernes-17-abril_0_TJRGLtNAQd.html\" target=\"_blank\" rel=\" noopener\" title=\"D\u00f3lar MEP hoy: a cu\u00e1nto cotiza este viernes 17 de abril\" style=\"height:150px;width:150px;\"><img decoding=\"async\" src=\"https:\/\/www.clarin.com\/img\/2020\/03\/04\/XTskgx7L_1200x630__1.jpg\" title=\"D\u00f3lar MEP hoy: a cu\u00e1nto cotiza este viernes 17 de abril\" style=\"height:150px;width:150px;\"><\/a><\/div><span class=\"title\"><a href=\"https:\/\/www.clarin.com\/economia\/dolar-mep-hoy-cotiza-viernes-17-abril_0_TJRGLtNAQd.html\" target=\"_blank\" rel=\" noopener\">D\u00f3lar MEP hoy: a cu\u00e1nto cotiza este viernes 17 de abril<\/a><\/span><div class=\"rss_content\" style=\"\"><p>Mir\u00e1 la cotizaci\u00f3n para la compra y venta del d\u00f3lar MEP hoy.Cotizaciones, evoluci\u00f3n, previsiones e informaci\u00f3n para el cambio de monedas.<\/p><\/div><\/li><\/ul> <\/div><style type=\"text\/css\" media=\"all\">.feedzy-rss .rss_item .rss_image{float:left;position:relative;border:none;text-decoration:none;max-width:100%}.feedzy-rss .rss_item .rss_image span{display:inline-block;position:absolute;width:100%;height:100%;background-position:50%;background-size:cover}.feedzy-rss .rss_item .rss_image{margin:.3em 1em 0 0;content-visibility:auto}.feedzy-rss ul{list-style:none}.feedzy-rss ul li{display:inline-block}<\/style><\/div>\n\n\n\n<div class=\"wp-block-column is-layout-flow wp-block-column-is-layout-flow\">\n<h2 class=\"wp-block-heading\">DEPORTES<\/h2>\n\n\n<div class=\"feedzy-227d19a07da4bc842353f5998e8f2caa feedzy-rss\"><ul><li  style=\"padding: 15px 0 25px\" class=\"rss_item\"><div class=\"rss_image\" style=\"height:150px;width:150px;\"><a href=\"https:\/\/www.clarin.com\/deportes\/fixture-mundial-2026-dias-horarios-partidos-estados-unidos-mexico-canada_0_tWmRXg1YCh.html\" target=\"_blank\" rel=\" noopener\" title=\"Fixture del Mundial 2026: d\u00edas y horarios de todos los partidos en Estados Unidos, M\u00e9xico y Canad\u00e1\" style=\"height:150px;width:150px;\"><img decoding=\"async\" src=\"https:\/\/www.clarin.com\/img\/2026\/02\/03\/9z3Yur8IL_1200x630__1.jpg\" title=\"Fixture del Mundial 2026: d\u00edas y horarios de todos los partidos en Estados Unidos, M\u00e9xico y Canad\u00e1\" style=\"height:150px;width:150px;\"><\/a><\/div><span class=\"title\"><a href=\"https:\/\/www.clarin.com\/deportes\/fixture-mundial-2026-dias-horarios-partidos-estados-unidos-mexico-canada_0_tWmRXg1YCh.html\" target=\"_blank\" rel=\" noopener\">Fixture del Mundial 2026: d\u00edas y horarios de todos los partidos en Estados Unidos, M\u00e9xico y Canad\u00e1<\/a><\/span><div class=\"rss_content\" style=\"\"><p>La FIFA confirm\u00f3 el calendario completo de la Copa del Mundo, que se jugar\u00e1 en Norteam\u00e9rica.Cu\u00e1ndo empieza el torneo, c\u00f3mo es el nuevo formato y a qu\u00e9 hora juega la Selecci\u00f3n Argentina.<\/p><\/div><\/li><li  style=\"padding: 15px 0 25px\" class=\"rss_item\"><div class=\"rss_image\" style=\"height:150px;width:150px;\"><a href=\"https:\/\/www.clarin.com\/deportes\/flag-football-nuevo-deporte-olimpico-debuta-suramericanos-juventud-panama-2026-formo-seleccion-argentina-componen_0_D9iVnFZDbh.html\" target=\"_blank\" rel=\" noopener\" title=\"El flag football, el nuevo deporte ol\u00edmpico, debuta en los Suramericanos de la Juventud Panam\u00e1 2026: c\u00f3mo se form\u00f3 la  Selecci\u00f3n Argentina y qui\u00e9nes la componen\" style=\"height:150px;width:150px;\"><img decoding=\"async\" src=\"https:\/\/www.clarin.com\/img\/2026\/04\/17\/ulOfcjVYy_1200x630__1.jpg\" title=\"El flag football, el nuevo deporte ol\u00edmpico, debuta en los Suramericanos de la Juventud Panam\u00e1 2026: c\u00f3mo se form\u00f3 la  Selecci\u00f3n Argentina y qui\u00e9nes la componen\" style=\"height:150px;width:150px;\"><\/a><\/div><span class=\"title\"><a href=\"https:\/\/www.clarin.com\/deportes\/flag-football-nuevo-deporte-olimpico-debuta-suramericanos-juventud-panama-2026-formo-seleccion-argentina-componen_0_D9iVnFZDbh.html\" target=\"_blank\" rel=\" noopener\">El flag football, el nuevo deporte ol\u00edmpico, debuta en los Suramericanos de la Juventud Panam\u00e1 2026: c\u00f3mo se form\u00f3 la  Selecci\u00f3n Argentina y qui\u00e9nes la componen<\/a><\/span><div class=\"rss_content\" style=\"\"><p>Se trata de una modalidad del f\u00fatbol americano, que estar\u00e1 presente en Los \u00c1ngeles 2028 por primera vez.El deporte se practica en Buenos Aires, Mar del Plata, Rosario, C\u00f3rdoba, Mendoza, Concepci\u00f3n del Uruguay, Paran\u00e1 y Tucum\u00e1n.<\/p><\/div><\/li><li  style=\"padding: 15px 0 25px\" class=\"rss_item\"><div class=\"rss_image\" style=\"height:150px;width:150px;\"><a href=\"https:\/\/www.clarin.com\/deportes\/1-10-puntajes-clarin-equipos-argentinos-copa-libertadores-copa-sudamericana_0_m83MQghcT4.html\" target=\"_blank\" rel=\" noopener\" title=\"Del 1 al 10, los puntajes de Clar\u00edn a los equipos argentinos en la Copa Libertadores y Copa Sudamericana\" style=\"height:150px;width:150px;\"><img decoding=\"async\" src=\"https:\/\/www.clarin.com\/img\/2026\/04\/16\/3IeOGTV-7_1200x630__1.jpg\" title=\"Del 1 al 10, los puntajes de Clar\u00edn a los equipos argentinos en la Copa Libertadores y Copa Sudamericana\" style=\"height:150px;width:150px;\"><\/a><\/div><span class=\"title\"><a href=\"https:\/\/www.clarin.com\/deportes\/1-10-puntajes-clarin-equipos-argentinos-copa-libertadores-copa-sudamericana_0_m83MQghcT4.html\" target=\"_blank\" rel=\" noopener\">Del 1 al 10, los puntajes de Clar\u00edn a los equipos argentinos en la Copa Libertadores y Copa Sudamericana<\/a><\/span><div class=\"rss_content\" style=\"\"><p>En el m\u00e1ximo torneo subcontinental hubo pleno de triunfos para los seis participantes.En el segundo escal\u00f3n, en contrapartida, hubo solo dos victorias.<\/p><\/div><\/li><li  style=\"padding: 15px 0 25px\" class=\"rss_item\"><div class=\"rss_image\" style=\"height:150px;width:150px;\"><a href=\"https:\/\/www.clarin.com\/deportes\/mazzacane-patrones-turismo-carretera-procesados-entramado-empresas-fantasma-evadir-4000-millones_0_S9S7yPi2CL.html\" target=\"_blank\" rel=\" noopener\" title=\"Los Mazzacane, los patrones del Turismo Carretera, procesados: el entramado de empresas fantasma para evadir $4.000 millones\" style=\"height:150px;width:150px;\"><img decoding=\"async\" src=\"https:\/\/www.clarin.com\/img\/2026\/04\/15\/1XKXVnt6s_1200x630__1.jpg\" title=\"Los Mazzacane, los patrones del Turismo Carretera, procesados: el entramado de empresas fantasma para evadir $4.000 millones\" style=\"height:150px;width:150px;\"><\/a><\/div><span class=\"title\"><a href=\"https:\/\/www.clarin.com\/deportes\/mazzacane-patrones-turismo-carretera-procesados-entramado-empresas-fantasma-evadir-4000-millones_0_S9S7yPi2CL.html\" target=\"_blank\" rel=\" noopener\">Los Mazzacane, los patrones del Turismo Carretera, procesados: el entramado de empresas fantasma para evadir $4.000 millones<\/a><\/span><div class=\"rss_content\" style=\"\"><p>El grupo operaba una distribuidora de cerveza en La Plata.La Justicia detect\u00f3 una contabilidad paralela y un fideicomiso para ocultar fondos.Tambi\u00e9n fueron embargados, pero permanecen en libertad.<\/p><\/div><\/li><li  style=\"padding: 15px 0 25px\" class=\"rss_item\"><div class=\"rss_image\" style=\"height:150px;width:150px;\"><a href=\"https:\/\/www.clarin.com\/deportes\/luces-sombras-equipo-argentino-copa-billie-jean-king_0_ZI3LAsW9AH.html\" target=\"_blank\" rel=\" noopener\" title=\"Luces y sombras del equipo argentino de la Copa Billie Jean King\" style=\"height:150px;width:150px;\"><img decoding=\"async\" src=\"https:\/\/www.clarin.com\/img\/2026\/02\/18\/Kh0i8_2T2_1200x630__1.jpg\" title=\"Luces y sombras del equipo argentino de la Copa Billie Jean King\" style=\"height:150px;width:150px;\"><\/a><\/div><span class=\"title\"><a href=\"https:\/\/www.clarin.com\/deportes\/luces-sombras-equipo-argentino-copa-billie-jean-king_0_ZI3LAsW9AH.html\" target=\"_blank\" rel=\" noopener\">Luces y sombras del equipo argentino de la Copa Billie Jean King<\/a><\/span><div class=\"rss_content\" style=\"\"><p>Argentina se clasific\u00f3 por sexta vez consecutiva a los playoffs y en noviembre buscar\u00e1 dar el salto a los qualifiers.Julia Riera se convirti\u00f3 en la argentina con m\u00e1s triunfos en la historia del certamen.Las bajas de Solana Sierra, Mar\u00eda Lourdes Carl\u00e9 y Jazm\u00edn Ortenzi debilitaron al equipo.<\/p><\/div><\/li><\/ul> <\/div><style type=\"text\/css\" media=\"all\">.feedzy-rss .rss_item .rss_image{float:left;position:relative;border:none;text-decoration:none;max-width:100%}.feedzy-rss .rss_item .rss_image span{display:inline-block;position:absolute;width:100%;height:100%;background-position:50%;background-size:cover}.feedzy-rss .rss_item .rss_image{margin:.3em 1em 0 0;content-visibility:auto}.feedzy-rss ul{list-style:none}.feedzy-rss ul li{display:inline-block}<\/style><\/div>\n<\/div>\n","protected":false},"excerpt":{"rendered":"<p>NOVEDADES POL\u00cdTICA ECONOM\u00cdA DEPORTES<\/p>\n","protected":false},"author":1,"featured_media":0,"parent":0,"menu_order":0,"comment_status":"closed","ping_status":"open","template":"","meta":{"footnotes":""},"_links":{"self":[{"href":"http:\/\/larinconada.fmmiradio.com\/index.php?rest_route=\/wp\/v2\/pages\/57"}],"collection":[{"href":"http:\/\/larinconada.fmmiradio.com\/index.php?rest_route=\/wp\/v2\/pages"}],"about":[{"href":"http:\/\/larinconada.fmmiradio.com\/index.php?rest_route=\/wp\/v2\/types\/page"}],"author":[{"embeddable":true,"href":"http:\/\/larinconada.fmmiradio.com\/index.php?rest_route=\/wp\/v2\/users\/1"}],"replies":[{"embeddable":true,"href":"http:\/\/larinconada.fmmiradio.com\/index.php?rest_route=%2Fwp%2Fv2%2Fcomments&post=57"}],"version-history":[{"count":8,"href":"http:\/\/larinconada.fmmiradio.com\/index.php?rest_route=\/wp\/v2\/pages\/57\/revisions"}],"predecessor-version":[{"id":199,"href":"http:\/\/larinconada.fmmiradio.com\/index.php?rest_route=\/wp\/v2\/pages\/57\/revisions\/199"}],"wp:attachment":[{"href":"http:\/\/larinconada.fmmiradio.com\/index.php?rest_route=%2Fwp%2Fv2%2Fmedia&parent=57"}],"curies":[{"name":"wp","href":"https:\/\/api.w.org\/{rel}","templated":true}]}}